divided by 314?
26
What is the remainder when 48067 is divided by 193?
10
What is the remainder when 13470 is divided by 453?
333
Calculate the remainder when 175290 is divided by 201.
18
Calculate the remainder when 4286 is divided by 128.
62
Calculate the remainder when 173446 is divided by 219.
217
Calculate the remainder when 71496 is divided by 1036.
12
Calculate the remainder when 62537 is divided by 283.
277
Calculate the remainder when 132516 is divided by 285.
276
What is the remainder when 3026 is divided by 190?
176
What is the remainder when 176599 is divided by 43?
41
What is the remainder when 164719 is divided by 290?
289
What is the remainder when 50792 is divided by 970?
352
Calculate the remainder when 5793 is divided by 1157.
8
Calculate the remainder when 5808 is divided by 162.
138
Calculate the remainder when 1934 is divided by 2.
0
What is the remainder when 29842 is divided by 1239?
106
Calculate the remainder when 35981 is divided by 71.
55
What is the remainder when 48436 is divided by 70?
66
What is the remainder when 875 is divided by 114?
77
What is the remainder when 25504 is divided by 32?
0
Calculate the remainder when 169587 is divided by 7.
5
Calculate the remainder when 114822 is divided by 6378.
18
Calculate the remainder when 4142 is divided by 34.
28
Calculate the remainder when 8198 is divided by 546.
8
Calculate the remainder when 1006 is divided by 884.
122
Calculate the remainder when 5010 is divided by 89.
26
Calculate the remainder when 14489 is divided by 1271.
508
What is the remainder when 431058 is divided by 43104?
18
Calculate the remainder when 11706 is divided by 87.
48
Calculate the remainder when 82566 is divided by 37.
19
Calculate the remainder when 1781 is divided by 46.
33
What is the remainder when 38069 is divided by 626?
509
What is the remainder when 721680 is divided by 144336?
0
What is the remainder when 4679 is divided by 467?
9
What is the remainder when 137822 is divided by 131?
10
Calculate the remainder when 11686 is divided by 198.
4
What is the remainder when 15378 is divided by 10?
8
Calculate the remainder when 98688 is divided by 43.
3
Calculate the remainder when 35343 is divided by 137.
134
Calculate the remainder when 35717 is divided by 186.
5
What is the remainder when 115709 is divided by 266?
265
What is the remainder when 9379 is divided by 28?
27
Calculate the remainder when 3130 is divided by 1503.
124
Calculate the remainder when 2672 is divided by 29.
4
Calculate the remainder when 36235 is divided by 302.
297
What is the remainder when 12690 is divided by 688?
306
What is the remainder when 164128 is divided by 983?
950
What is the remainder when 28702 is divided by 72?
46
What is the remainder when 1324 is divided by 330?
4
Calculate the remainder when 8234 is divided by 1175.
9
What is the remainder when 3198 is divided by 401?
391
Calculate the remainder when 8279 is divided by 3946.
387
What is the remainder when 383247 is divided by 23?
21
Calculate the remainder when 310029 is divided by 777.
6
What is the remainder when 2707 is divided by 333?
43
Calculate the remainder when 72734 is divided by 20.
14
Calculate the remainder when 4422 is divided by 4394.
28
What is the remainder when 337669 is divided by 337662?
7
Calculate the remainder when 61898 is divided by 85.
18
Calculate the remainder when 148175 is divided by 756.
755
Calculate the remainder when 466334 is divided by 155441.
11
Calculate the remainder when 755623 is divided by 25.
23
What is the remainder when 63322 is divided by 15830?
2
Calculate the remainder when 70326 is divided by 23418.
72
Calculate the remainder when 8382 is divided by 2722.
216
What is the remainder when 2529 is divided by 438?
339
Calculate the remainder when 970 is divided by 246.
232
Calculate the remainder when 29782 is divided by 106.
102
Calculate the remainder when 17761 is divided by 3546.
31
Calculate the remainder when 33508 is divided by 3700.
208
Calculate the remainder when 2297 is divided by 241.
128
What is the remainder when 12461 is divided by 3114?
5
What is the remainder when 9854 is divided by 621?
539
Calculate the remainder when 4324 is divided by 1002.
316
What is the remainder when 60776 is divided by 16?
8
What is the remainder when 220590 is divided by 272?
270
Calculate the remainder when 19297 is divided by 3212.
25
Calculate the remainder when 7386 is divided by 41.
6
Calculate the remainder when 867649 is divided by 35.
34
Calculate the remainder when 162399 is divided by 32.
31
Calculate the remainder when 21960 is divided by 458.
434
What is the remainder when 5916 is divided by 1962?
30
What is the remainder when 3427679 is divided by 26?
21
Calculate the remainder when 60906 is divided by 20242.
180
What is the remainder when 1794 is divided by 58?
54
Calculate the remainder when 1181 is divided by 339.
164
Calculate the remainder when 10786 is divided by 2133.
121
Calculate the remainder when 1442 is divided by 428.
158
Calculate the remainder when 247154 is divided by 82379.
17
What is the remainder when 9284 is divided by 84?
44
Calculate the remainder when 51342 is divided by 192.
78
What is the remainder when 471 is divided by 177?
117
What is the remainder when 7818 is divided by 260?
18
What is the remainder when 12414 is divided by 97?
95
Calculate the remainder when 144232 is divided by 298.
0
Calculate the remainder when 26238 is divided by 205.
203
What is the remainder when 6764 is divided by 188?
184
Calculate the remainder when 33771 is divided by 662.
9
Calculate the remainder when 8184 is divided by 8183.
1
Calculate the remainder when 2728 is divided by 909.
1
Calculate the remainder when 3283 is divided by 441.
196
Calculate the remainder when 2196 is divided by 19.
11
What is the remainder when 48344 is divided by 308?
296
Calculate the remainder when 37681 is divided by 17.
9
What is the remainder when 50111 is divided by 8?
7
What is the remainder when 23899 is divided by 100?
99
What is the remainder when 555 is divided by 148?
111
What is the remainder when 199389 is divided by 3323?
9
What is the remainder when 10288 is divided by 143?
135
Calculate the remainder when 6659 is divided by 318.
299
Calculate the remainder when 105213 is divided by 49.
10
What is the remainder when 18456 is divided by 661?
609
What is the remainder when 52698 is divided by 75?
48
What is the remainder when 121058 is divided by 57?
47
Calculate the remainder when 363307 is divided by 54.
49
Calculate the remainder when 4958 is divided by 2453.
52
What is the remainder when 38396 is divided by 14?
8
What is the remainder when 523 is divided by 79?
49
What is the remainder when 11547 is divided by 463?
435
Calculate the remainder when 10273800 is divided by 23.
22
What is the remainder when 184311 is divided by 78?
75
Calculate the remainder when 4026 is divided by 382.
206
What is the remainder when 6244 is divided by 433?
182
What is the remainder when 857033 is divided by 177?
176
Calculate the remainder when 144852 is divided by 96.
84
Calculate the remainder when 2667 is divided by 37.
3
What is the remainder when 188142 is divided by 355?
347
What is the remainder when 2336357 is divided by 61?
57
What is the remainder when 6340 is divided by 151?
149
What is the remainder when 85679 is divided by 168?
167
What is the remainder when 6971 is divided by 12?
11
What is the remainder when 9073 is divided by 89?
84
Calculate the remainder when 30790 is divided by 5126.
34
Calculate the remainder when 10783 is divided by 3546.
145
What is the remainder when 422297 is divided by 41?
38
Calculate the remainder when 10591 is divided by 49.
7
What is the remainder when 765 is divided by 680?
85
Calculate the remainder when 38742 is divided by 205.
202
Calculate the remainder when 7754 is divided by 1548.
14
What is the remainder when 122800 is divided by 345?
325
Calculate the remainder when 2393 is divided by 342.
341
Calculate the remainder when 15812 is divided by 235.
67
Calculate the remainder when 95199 is divided by 58.
21
What is the remainder when 33555 is divided by 560?
515
What is the remainder when 104856 is divided by 183?
180
What is the remainder when 1338 is divide